lculate the remainder when 2 is divided by 6/s*i/(-2).
0
Let m be (-69)/21 + 10/35. What is the remainder when 62 is divided by (0 + (-39)/m)/1?
10
Let j = -41 - -77. What is the remainder when j is divided by 19?
17
Calculate the remainder when 147 is divided by 82/6 - 40/(-30).
12
Let z(s) = s**2 + 9*s + 5. Let i(x) = -x**2 + 6*x + 8. Let b be i(8). Let o be z(b). Calculate the remainder when (o/(-2))/((-6)/(-64)) is divided by 9.
7
Suppose -2*i - 4*r = i - 11, -5*i = -5*r - 30. Let u = 5 + i. What is the remainder when 39 is divided by u?
9
Suppose 0 = -2*n - 5*j + 112, 39 = 5*n - j - 214. Let i = -40 + 66. What is the remainder when n is divided by i?
25
Suppose -4*f + 6 = -3*r - 3, -2*f = -5*r - 15. Suppose 2*t - 36 = -2*k, f*k + t + 42 = 3*k. What is the remainder when ((-2)/(-4))/((-1)/(-58)) is divided by k?
14
Let b = -22 - -49. What is the remainder when b is divided by 7?
6
Suppose 2*y - 4*h + 86 = 0, 2*y + 4*h = y - 73. Let i = y - -74. Calculate the remainder when i is divided by 11.
10
Let w be ((-136)/(-14))/((-8)/(-28)). Suppose 0 = -2*m + 2*b - 4*b + w, m - 13 = -3*b. Calculate the remainder when 73 is divided by m.
16
Let u(k) = -k**2 - 10*k + 2 - k - 10. Let j be u(-10). Suppose j*c - 22 = -0*c. What is the remainder when 31 is divided by c?
9
Let w = -12 - -16. Suppose w*f = 24 + 4. Calculate the remainder when 20 is divided by f.
6
Suppose -4*c + 3*c = 0. Let t(o) = -o**3 - 13*o**2 + 12*o + 4. Calculate the remainder when t(-14) is divided by -2 - (c - (21 + -2)).
15
Suppose -2*x + 41 = 3*t, 3*t + 2 = t. Let r(n) = 17*n**2 + n - 1. Calculate the remainder when r(-2) is divided by x.
21
Let m be 48/10 - (-1)/5. Suppose -4*t - 3*d - 81 = 0, t - 110 = 6*t - m*d. Let g = t - -30. What is the remainder when 26 is divided by g?
8
What is the remainder when 105 is divided by (2 + 4)/2 + 24?
24
Suppose 2*s = -4*v - v + 72, 5*s + 36 = v. Suppose -r = -4*r + 189. Let g = r + -32. Calculate the remainder when g is divided by v.
15
Let v be (2/3)/(2/6). Suppose -52 = -4*m - v*b, 0*m - 4*m + 44 = 4*b. Suppose -30 + 2 = -i. Calculate the remainder when i is divided by m.
13
Let r = 113 + -47. Suppose 4*v + 14 = r. What is the remainder when 37 is divided by v?
11
Let s(r) = r**3 + 5*r**2 - 3*r - 4. Let w be 6*1*18/(-27). Calculate the remainder when 69 is divided by s(w).
21
Let w(k) = k**3 - k**2 - k - 2. Let z be w(0). Let y(g) = -g - 10. What is the remainder when ((-1)/(-2))/(z/(-28)) is divided by y(-14)?
3
Let k = -55 - -123. Calculate the remainder when k is divided by 25.
18
Calculate the remainder when 53 is divided by 2/8 + (-497)/(-28).
17
Calculate the remainder when 8/(-20) + (-685)/(-25) is divided by 14.
13
Let w(p) = p**2 + 10. Let d = -4 - -4. Calculate the remainder when 18 is divided by w(d).
8
Suppose 0 = -2*i - 0*i + 112. What is the remainder when i is divided by 15?
11
Let v = -1 - -1. Suppose 5*l - 2*l - 33 = v. Suppose -85 = -2*r - 3*r - 3*b, 2*r - 2*b - 50 = 0. What is the remainder when r is divided by l?
9
Suppose 0 = 2*n + 3*d - 0*d - 13, -5*n + 85 = -3*d. Calculate the remainder when n is divided by 3.
2
Let i be 5/((-15)/(-9)) - 17. Let b = i - -18. Suppose -3*g + 7 + 2 = 0. What is the remainder when b is divided by g?
1
Suppose 3*a - 78 = z, 0*z + 4*z = 3*a - 78. Calculate the remainder when a is divided by ((-2)/(-3))/(6*6/756).
12
Suppose -4*j = 2*r - 28, -j - 4*j + 45 = 5*r. Suppose 0 = -2*s + 2*i - 3*i + 5, 3*s - 18 = -j*i. What is the remainder when 3 is divided by s?
0
Let a(c) be the first derivative of -c**3/3 - 7*c**2/2 + 11*c + 2. Calculate the remainder when 11 is divided by a(-8).
2
Suppose 6 + 24 = -3*u. Let k(f) = 29*f. What is the remainder when k(1) is divided by (15/u)/((-3)/20)?
9
Let m(u) = 36*u - 1. What is the remainder when m(1) is divided by 19?
16
Suppose -183 - 33 = -9*u. What is the remainder when 93 is divided by u?
21
Let x(t) = -84*t + 5. What is the remainder when x(-1) is divided by 30?
29
Suppose -6*z + 10*z + 4*i - 92 = 0, 0 = 4*z + 2*i - 92. Calculate the remainder when z is divided by 1/(-4) + (-53)/(-4).
10
Let b(h) = -h**2 - 9*h - 13. Calculate the remainder when 24 is divided by b(-6).
4
Let k(u) = u**2 + 8*u + 7. Let m be k(-6). Let j = -2 - m. Suppose -4 = -12*v + 11*v. Calculate the remainder when v is divided by j.
1
Suppose s - 4*s = -5*q - 26, 2*s = -q. Let w(j) = j**3 - 9*j**2 + 9*j - 12. Let d be w(8). Calculate the remainder when 44 is divided by (-58)/d + (-2)/q.
14
Suppose 4*m = 8*m - 72. Suppose 72 = 2*o - 2*u + u, 4*u = -2*o + 62. Calculate the remainder when o is divided by m.
17
Let w = 315 + -312. Let t be (1 + 4)*-1*-1. Suppose 0 = k - o - 4, -t*k + 3*k = -3*o - 9. What is the remainder when w is divided by k?
0
Suppose 5*p - 4*l - 85 = -0*l, 3*l + 54 = 3*p. What is the remainder when 51 is divided by p?
12
Suppose -5*z - 5*x = -65, -2*x = z + 3*x - 21. Calculate the remainder when 32 is divided by z.
10
What is the remainder when 13 is divided by (-4 - (-2 - (-2 - -2))) + 6?
1
Let w = 29 - 13. Suppose r - w = -m, 5*r - m - 75 = -13. Suppose -5*s = 4*j + j - 145, 0 = -3*j - s + 79. What is the remainder when j is divided by r?
12
Let j(h) = -3*h - 7. Calculate the remainder when 18 is divided by j(-4).
3
Let j = -55 - -64. Calculate the remainder when 70 is divided by j.
7
Suppose -3*d + 364 = -206. Suppose 190 = c + 4*j, 6*j = -c + 3*j + d. Suppose 2*a + c = 7*a. What is the remainder when a is divided by 10?
8
Calculate the remainder when 41/3 - (-1)/3 is divided by 4.
2
Suppose 55 = 5*l + 5*d, 0*l + 3*d - 23 = -2*l. Let z = 35 + -9. Let u = 55 - z. Calculate the remainder when u is divided by l.
9
Suppose 2*t + 31 = -t + h, 43 = -3*t + 4*h. Let g = t + 14. Calculate the remainder when g is divided by 2.
1
Suppose 4*w + 2*q + 4 = 38, 13 = -2*w + 5*q. Suppose -4*l = -l - w. Suppose -j = -0 - 1. Calculate the remainder when l is divided by j.
0
Suppose 4 = -t + 53. Let c(s) = 5*s + 2. Let n(v) = 2*v + 1. Let f be n(1). What is the remainder when t is divided by c(f)?
15
Let s = 2 - 1. Suppose s = j - 5. Calculate the remainder when 10 is divided by j.
4
Let t(r) = -6*r - 15. What is the remainder when t(-11) is divided by 18?
15
Let y = 85 - 77. Suppose 2*z = -3*u + 19, 6*z - 3*z + 3*u = 33. What is the remainder when z is divided by y?
6
Let g = -19 - -31. Calculate the remainder when 57 is divided by g.
9
Suppose 4*d + 3*k - 56 - 7 = 0, 0 = -5*k + 5. Let c = -12 - -21. What is the remainder when d is divided by c?
6
Let s be (-2 - -1) + 1 + -5. Let i be -1*(0 - -2) - 8. What is the remainder when s/(i/(-4)) - -31 is divided by 10?
9
Suppose 5*b = 5*h + 205, b + 3*b + 5*h - 128 = 0. Suppose -4*x + 54 = s, s = -3*x - 3*s + 47. What is the remainder when b is divided by x?
11
Suppose 6 = -n + 9. Let a be (1 - 2)/(n/(-15)). Suppose -a*k + 14 = -71. What is the remainder when k is divided by 6?
5
Let r = 124 + 216. Suppose -47 = -y + 3*a + 39, 3*a - r = -5*y. Let u(l) = 2*l**3 + 12*l**2 + 6*l - 2. Calculate the remainder when y is divided by u(-5).
17
Let d be (3/12)/((-2)/(-8)). Let z = d + 2. What is the remainder when 12 is divided by z?
0
Let r = 10 + -5. Let z = -6 + 9. Calculate the remainder when r is divided by z.
2
Let h(a) = a**2 - 4*a - 43. What is the remainder when h(10) is divided by 8?
1
Suppose -4*l = 3*k - 24 - 41, -5*k + 3*l = -89. What is the remainder when 73 is divided by k?
16
Suppose 0 = 5*x - 3*x - 34. Let i = 6 + -6. Suppose 4*g - 95 - 101 = i. Calculate the remainder when g is divided by x.
15
Suppose 4*a - 64 = -0*a. What is the remainder when -1 - (-62 + 4/(-2)) is divided by a?
15
Let s(d) = d**3 - 9*d**2 + 9*d. Let a be s(6). Let v = 92 + a. Calculate the remainder when v is divided by 13.
12
Let r = 90 - 62. Let g = -2 + 17. Let p = g - 5. Calculate the remainder when r is divided by p.
8
Let h(w) be the first derivative of -11*w**4/4 - 2*w**3/3 - w**2/2 - 3. What is the remainder when (-2)/(-5) - 93/(-5) is divided by h(-1)?
9
Suppose 2*g = -2*u + 14, 0 = -2*g - u + 6 + 4. What is the remainder when 3 is divided by g?
0
Let p be 3 + (0 + 4)/2. Suppose 0 = -3*k + p*g - 0*g + 41, 0 = 2*k + 5*g - 69. What is the remainder when 86 is divided by k?
20
Suppose 2*z = -3*z + 155. Let j(y) = -17*y - 1. What is the remainder w